is divided by 146?
88
Calculate the remainder when 167 is divided by 6.
5
Calculate the remainder when 399 is divided by 45.
39
Calculate the remainder when 606 is divided by 38.
36
What is the remainder when 112 is divided by 40?
32
Calculate the remainder when 49 is divided by 21.
7
Calculate the remainder when 104 is divided by 28.
20
What is the remainder when 844 is divided by 398?
48
Calculate the remainder when 102 is divided by 23.
10
Calculate the remainder when 3309 is divided by 1654.
1
Calculate the remainder when 1 is divided by 1.
0
Calculate the remainder when 119 is divided by 24.
23
What is the remainder when 162 is divided by 95?
67
What is the remainder when 604 is divided by 68?
60
What is the remainder when 123 is divided by 63?
60
What is the remainder when 909 is divided by 76?
73
Calculate the remainder when 283 is divided by 57.
55
What is the remainder when 484 is divided by 253?
231
What is the remainder when 353 is divided by 112?
17
What is the remainder when 6230 is divided by 76?
74
What is the remainder when 2544 is divided by 1272?
0
Calculate the remainder when 417 is divided by 105.
102
Calculate the remainder when 6360 is divided by 63.
60
Calculate the remainder when 3123 is divided by 6.
3
What is the remainder when 12591 is divided by 47?
42
Calculate the remainder when 575 is divided by 125.
75
Calculate the remainder when 328 is divided by 38.
24
What is the remainder when 52 is divided by 30?
22
What is the remainder when 861 is divided by 23?
10
Calculate the remainder when 102 is divided by 38.
26
What is the remainder when 533 is divided by 125?
33
Calculate the remainder when 1838 is divided by 92.
90
What is the remainder when 445 is divided by 32?
29
What is the remainder when 212 is divided by 24?
20
What is the remainder when 6025 is divided by 52?
45
What is the remainder when 2418 is divided by 29?
11
Calculate the remainder when 182 is divided by 33.
17
What is the remainder when 483 is divided by 85?
58
Calculate the remainder when 809 is divided by 7.
4
Calculate the remainder when 35 is divided by 28.
7
Calculate the remainder when 181 is divided by 23.
20
Calculate the remainder when 9239 is divided by 165.
164
Calculate the remainder when 868 is divided by 417.
34
What is the remainder when 110 is divided by 16?
14
What is the remainder when 1471 is divided by 487?
10
Calculate the remainder when 63 is divided by 35.
28
Calculate the remainder when 2429 is divided by 45.
44
Calculate the remainder when 210 is divided by 72.
66
Calculate the remainder when 964 is divided by 163.
149
Calculate the remainder when 36 is divided by 15.
6
Calculate the remainder when 82 is divided by 24.
10
What is the remainder when 587 is divided by 42?
41
Calculate the remainder when 287 is divided by 267.
20
What is the remainder when 171 is divided by 94?
77
Calculate the remainder when 3564 is divided by 356.
4
Calculate the remainder when 2494 is divided by 24.
22
What is the remainder when 138 is divided by 35?
33
Calculate the remainder when 2229 is divided by 67.
18
Calculate the remainder when 29092 is divided by 78.
76
What is the remainder when 1246 is divided by 177?
7
What is the remainder when 1644 is divided by 150?
144
What is the remainder when 174 is divided by 92?
82
Calculate the remainder when 62 is divided by 23.
16
What is the remainder when 301 is divided by 52?
41
What is the remainder when 2082 is divided by 690?
12
Calculate the remainder when 5949 is divided by 96.
93
What is the remainder when 96 is divided by 30?
6
Calculate the remainder when 298 is divided by 93.
19
What is the remainder when 194 is divided by 11?
7
What is the remainder when 1132 is divided by 377?
1
What is the remainder when 774 is divided by 26?
20
What is the remainder when 21594 is divided by 180?
174
What is the remainder when 332 is divided by 42?
38
What is the remainder when 1736 is divided by 9?
8
What is the remainder when 273 is divided by 28?
21
Calculate the remainder when 114 is divided by 5.
4
Calculate the remainder when 82 is divided by 23.
13
What is the remainder when 97 is divided by 35?
27
Calculate the remainder when 26 is divided by 13.
0
What is the remainder when 69 is divided by 21?
6
Calculate the remainder when 572 is divided by 2.
0
Calculate the remainder when 2766 is divided by 3.
0
Calculate the remainder when 23 is divided by 3.
2
Calculate the remainder when 15 is divided by 9.
6
Calculate the remainder when 1354 is divided by 671.
12
Calculate the remainder when 8360 is divided by 34.
30
Calculate the remainder when 72 is divided by 70.
2
Calculate the remainder when 1428 is divided by 13.
11
What is the remainder when 1673 is divided by 49?
7
What is the remainder when 94 is divided by 76?
18
What is the remainder when 67626 is divided by 319?
317
Calculate the remainder when 1484 is divided by 124.
120
What is the remainder when 106 is divided by 9?
7
What is the remainder when 3103 is divided by 38?
25
Calculate the remainder when 44 is divided by 10.
4
Calculate the remainder when 689 is divided by 15.
14
Calculate the remainder when 6 is divided by 1.
0
Calculate the remainder when 72 is divided by 37.
35
What is the remainder when 323 is divided by 247?
76
What is the remainder when 292 is divided by 62?
44
What is the remainder when 144 is divided by 9?
0
Calculate the remainder when 10769 is divided by 8.
1
What is the remainder when 73 is divided by 45?
28
What is the remainder when 89 is divided by 30?
29
Calculate the remainder when 148 is divided by 40.
28
Calculate the remainder when 191 is divided by 23.
7
What is the remainder when 824 is divided by 258?
50
What is the remainder when 194 is divided by 26?
12
What is the remainder when 132 is divided by 16?
4
What is the remainder when 4422 is divided by 246?
240
What is the remainder when 73 is divided by 65?
8
What is the remainder when 1531 is divided by 16?
11
Calculate the remainder when 882 is divided by 109.
10
Calculate the remainder when 5114 is divided by 40.
34
Calculate the remainder when 46 is divided by 12.
10
What is the remainder when 46 is divided by 25?
21
Calculate the remainder when 780 is divided by 192.
12
What is the remainder when 667 is divided by 336?
331
Calculate the remainder when 216 is divided by 73.
70
Calculate the remainder when 3078 is divided by 220.
218
Calculate the remainder when 389 is divided by 100.
89
Calculate the remainder when 695 is divided by 282.
131
What is the remainder when 12720 is divided by 636?
0
What is the remainder when 1152 is divided by 33?
30
Calculate the remainder when 213 is divided by 108.
105
What is the remainder when 1999 is divided by 294?
235
What is the remainder when 38146 is divided by 37?
36
What is the remainder when 42387 is divided by 135?
132
What is the remainder when 475 is divided by 68?
67
What is the remainder when 81 is divided by 71?
10
What is the remainder when 215 is divided by 109?
106
Calculate the remainder when 765 is divided by 201.
162
Calculate the remainder when 1534 is divided by 44.
38
Calculate the remainder when 49 is divided by 11.
5
What is the remainder when 1454 is divided by 13?
11
Calculate the remainder when 1299 is divided by 14.
11
Calculate the remainder when 91 is divided by 50.
41
Calculate the remainder when 3167 is divided by 36.
35
Calculate the remainder when 626 is divided by 337.
289
Calculate the remainder when 116 is divided by 25.
16
What is the remainder when 551 is divided by 37?
33
Calculate the remainder when 6489 is divided by 11.
10
What is the remainder when 185 is divided by 87?
11
What is the remainder when 420 is divided by 23?
6
What is the remainder when 57 is divided by 46?
11
What is the remainder when 1910 is divided by 117?
38
Calculate the remainder when 501 is divided by 39.
33
Calculate the remainder when 153 is divided by 12.
9
What is the remainder when 93 is divided by 9?
3
Calculate the remainder when 246 is divided by 19.
18
Calculate the remainder when 816 is divided by 13.
10
Calculate the remainder when 182 is divided by 39.
26
What is the remainder when 483 is divided by 37?
2
What is the remainder when 783 is divided by 230?
93
Calculate the remainder when